 of 3000868 and 2444?
52
What is the highest common divisor of 1474 and 9945882?
134
What is the greatest common divisor of 32702 and 144598?
394
What is the highest common factor of 3551 and 15601955?
67
Calculate the highest common factor of 90 and 6590060.
10
Calculate the highest common divisor of 12368755 and 20440.
2555
What is the greatest common factor of 3562 and 98031446?
274
What is the highest common divisor of 6615 and 8771385?
105
What is the highest common factor of 2456 and 2581256?
2456
Calculate the greatest common divisor of 1566012 and 459921.
3801
Calculate the highest common factor of 100472 and 323.
19
Calculate the greatest common factor of 385925634 and 10044.
5022
What is the greatest common divisor of 1299610 and 160?
10
Calculate the greatest common factor of 94549 and 146499.
1039
Calculate the highest common divisor of 26775 and 22384971.
1071
What is the greatest common divisor of 45804792 and 2904?
2904
What is the highest common factor of 29897940 and 60348?
1284
What is the greatest common factor of 23808 and 5360640?
768
Calculate the greatest common factor of 8456 and 1122987.
151
Calculate the greatest common factor of 15227553 and 66.
33
What is the greatest common factor of 54112200 and 600?
600
Calculate the greatest common factor of 7580 and 67260.
20
Calculate the greatest common factor of 221160 and 1274968.
776
What is the highest common divisor of 23740923 and 40918?
499
What is the highest common divisor of 97747590 and 20?
10
What is the highest common factor of 34599 and 77577?
57
Calculate the highest common divisor of 75296 and 4576.
416
What is the highest common divisor of 162861 and 270?
3
What is the highest common factor of 6840 and 26847360?
360
What is the greatest common factor of 891864 and 51096?
24
What is the greatest common divisor of 140063 and 1921?
17
Calculate the greatest common divisor of 14981751 and 32790.
3279
What is the highest common divisor of 4488 and 268664583?
561
What is the highest common factor of 2398599 and 833?
49
Calculate the highest common factor of 20170051 and 44.
11
Calculate the greatest common factor of 9851782 and 4432.
554
What is the greatest common divisor of 80262 and 5174676?
234
Calculate the highest common factor of 91070 and 68446.
14
Calculate the highest common factor of 119576 and 936025981.
14947
What is the highest common factor of 3680546 and 73888?
4618
What is the greatest common factor of 205830508 and 3796?
3796
Calculate the highest common factor of 25249736 and 119248.
2056
Calculate the highest common factor of 2598988 and 4844.
28
Calculate the greatest common divisor of 121771 and 101935145.
6409
What is the highest common factor of 4045536 and 693?
99
Calculate the highest common divisor of 13597 and 17.
1
What is the highest common factor of 5851336 and 52888?
4808
Calculate the greatest common factor of 2611 and 1215529.
7
Calculate the greatest common divisor of 70495 and 31579.
23
Calculate the highest common divisor of 7157604 and 228.
228
Calculate the greatest common divisor of 215908 and 55748.
308
Calculate the greatest common factor of 49767745 and 57.
19
Calculate the greatest common factor of 42 and 81077934.
42
What is the highest common divisor of 1749503 and 205573?
853
What is the greatest common factor of 2001324 and 832?
52
Calculate the greatest common divisor of 34 and 2396823540.
34
What is the greatest common factor of 2420028 and 558?
18
Calculate the greatest common factor of 79524291 and 4389.
4389
What is the highest common divisor of 1995300 and 2187?
27
Calculate the highest common divisor of 1325 and 19316380.
265
Calculate the greatest common factor of 2207 and 71597287.
2207
Calculate the greatest common divisor of 570 and 116634.
6
Calculate the highest common divisor of 85644593 and 6542.
3271
Calculate the highest common factor of 1458 and 38486583.
243
What is the greatest common divisor of 34114 and 463906?
74
Calculate the highest common divisor of 31237710 and 74480.
1330
What is the greatest common factor of 60 and 115805540?
20
Calculate the greatest common factor of 44433 and 19689.
3
What is the greatest common factor of 21063433 and 2563?
233
What is the greatest common factor of 2 and 105830422?
2
Calculate the highest common divisor of 28371 and 334719.
147
What is the greatest common factor of 295694 and 413?
7
What is the highest common divisor of 300996 and 502308?
108
Calculate the greatest common divisor of 169448 and 15517.
59
Calculate the greatest common factor of 1943 and 15811866.
67
Calculate the highest common factor of 176 and 382840656.
176
What is the highest common divisor of 54630 and 1?
1
Calculate the highest common factor of 79668 and 29088.
36
What is the greatest common factor of 16418002 and 29?
29
What is the highest common factor of 448040 and 3680?
920
What is the greatest common divisor of 15402211 and 605?
121
What is the highest common factor of 73631 and 25263050?
2539
Calculate the highest common divisor of 114240 and 182452704.
11424
What is the highest common factor of 9352 and 1005592?
56
Calculate the highest common divisor of 15 and 69448260.
15
Calculate the greatest common factor of 138 and 888942.
6
Calculate the highest common divisor of 42 and 1555977.
3
What is the highest common divisor of 58 and 6586886?
58
Calculate the greatest common divisor of 33510 and 568943950.
11170
What is the highest common factor of 1050303 and 5325?
213
What is the highest common factor of 24 and 3921111?
3
What is the highest common factor of 1000 and 16702250?
250
What is the highest common factor of 1462 and 134878?
34
Calculate the highest common factor of 160 and 12169568.
32
Calculate the highest common divisor of 576 and 22379211.
9
What is the highest common factor of 51192719 and 283?
283
Calculate the highest common divisor of 10032 and 11002101.
33
Calculate the greatest common factor of 29151378 and 3498.
318
Calculate the greatest common factor of 282777 and 111093.
57
What is the highest common factor of 7348 and 24244?
44
Calculate the highest common divisor of 16 and 115057232.
16
What is the greatest common divisor of 56 and 2844126488?
56
What is the greatest common factor of 5502 and 23017617?
2751
What is the greatest common divisor of 38548386 and 1490?
298
Calculate the greatest common divisor of 115923 and 540906.
51
What is the greatest common factor of 37822065 and 190?
95
What is the greatest common factor of 315 and 7572159?
63
Calculate the greatest common divisor of 115893106 and 232.
58
Calculate the greatest common factor of 61112930 and 95.
95
Calculate the greatest common divisor of 638 and 14905814.
22
Calculate the greatest common factor of 19026 and 182395467.
1359
Calculate the highest common factor of 181533785 and 10.
5
Calculate the highest common factor of 207 and 666356.
23
Calculate the highest common factor of 1589624 and 5504.
344
What is the highest common divisor of 13559 and 169624?
91
What is the greatest common factor of 652288 and 146848?
416
Calculate the highest common factor of 22019 and 1286636.
227
What is the highest common divisor of 198882 and 133806?
174
What is the highest common divisor of 1814293 and 130650?
871
Calculate the highest common factor of 63138 and 16626.
102
Calculate the highest common factor of 770048 and 12544.
256
Calculate the greatest common factor of 1366540 and 73548.
908
What is the greatest common factor of 3445 and 285628925?
265
What is the greatest common divisor of 9 and 5979966?
3
What is the greatest common divisor of 64819 and 2282233?
53
What is the greatest common factor of 759 and 54524283?
759
What is the greatest common divisor of 4485 and 710307?
39
What is the greatest common factor of 151276 and 5900?
236
Calculate the highest common factor of 5266788 and 2622.
6
What is the greatest common divisor of 5126 and 472990?
466
Calculate the highest common divisor of 418 and 1321826.
22
What is the highest common divisor of 44543334 and 7106?
418
Calculate the greatest common divisor of 2978855 and 605.
55
Calculate the highest common factor of 925920 and 453958.
1286
Calculate the highest common factor of 56486001 and 715.
143
Calculate the greatest common diviso